e o(-3).
24
Let s(j) = j**3 + 16*j**2 + 15*j + 28. Calculate s(-15).
28
Let z(o) = -15*o + 35. Determine z(7).
-70
Let d(o) = -o - 14. Calculate d(-22).
8
Let j(k) = 5*k + 7. What is j(6)?
37
Let i(p) = -p**3 + 3*p**2 - p + 5. Give i(3).
2
Let v(y) = y**3 - 9*y**2 - 12*y + 16. Calculate v(10).
-4
Let d(o) = -14*o - 42. Give d(-3).
0
Let l(r) = r**2 + 20*r + 8. Give l(-20).
8
Let o(y) = -65*y + 380. What is o(6)?
-10
Let d(h) = 9*h - 2. What is d(3)?
25
Let o(q) = -13*q + 74. Determine o(7).
-17
Let z(k) = -6*k - 55. Determine z(-8).
-7
Let d(m) = -11*m + 1. Determine d(-2).
23
Let k(j) = 3*j**2 - 1. Calculate k(2).
11
Let d(w) = 2*w**2 - 2*w - 6. What is d(5)?
34
Let f(o) = 6*o**3 - o**2 - 2*o - 1. What is f(-1)?
-6
Let s(v) = v**3 - 6*v**2 + 11*v - 25. Determine s(6).
41
Let d(l) = -2*l**3 + 8*l**2 + 11*l - 53. Determine d(4).
-9
Let r(v) = -v**3 + 5*v**2 - 2*v - 1. Calculate r(5).
-11
Let z(k) = -k**3 + 13*k**2 - 11*k - 4. What is z(12)?
8
Let q(a) = 2*a**2 + 6*a - 7. Give q(-7).
49
Let y(w) = w**2 + 11*w + 7. What is y(-8)?
-17
Let k(z) = -5*z**2 + z - 4. Give k(3).
-46
Let h(o) = 94*o + 291. Calculate h(-3).
9
Let r(b) = -11*b - 33. Give r(-5).
22
Let o(g) = 2*g**3 + 7*g**2 + 12*g + 5. Give o(-2).
-7
Let t(k) = -k**2 + 14*k - 36. What is t(11)?
-3
Let x(b) = 35*b**2 - 384*b - 9. Determine x(11).
2
Let g(s) = -19*s**3 + 2*s**2 - 3*s + 2. Calculate g(1).
-18
Let f(z) = -77*z**3 + 6*z - 6. Calculate f(1).
-77
Let l(i) = -2*i**2 - 4*i + 6. Determine l(-4).
-10
Let a(l) = -5*l + 29. Calculate a(5).
4
Let d(x) = 7*x - 1. Give d(2).
13
Let l(j) = -j**2 + 5*j + 3. What is l(5)?
3
Let d(v) = 102*v**3 + v**2 - 5*v + 4. Give d(1).
102
Let k(x) = 2*x + 42. Determine k(-14).
14
Let r(f) = 8*f**3 + f**2 - f. Determine r(1).
8
Let z(n) = n**2 + 3*n + 5. Calculate z(-8).
45
Let q(s) = -s**3 + 8*s**2 + 5*s + 13. Determine q(9).
-23
Let n(b) = -b**2 + 12*b - 2. Determine n(9).
25
Let o(i) = 8*i**2 - 3*i + 3. What is o(1)?
8
Let r(y) = -3*y + 14. Give r(8).
-10
Let v(p) = p**2 + 5*p - 103. Calculate v(-13).
1
Let k(s) = -43*s**2 + s + 1. Calculate k(-1).
-43
Let f(y) = y**3 + 11*y**2 + 19*y - 1. Determine f(-9).
-10
Let b(z) = -z**3 + 23*z**2 + 28*z - 58. Calculate b(24).
38
Let f(i) = 16*i - 34. Determine f(2).
-2
Let b(y) = 3*y**2 - 19*y - 2. Give b(6).
-8
Let u(f) = -f - 4. What is u(3)?
-7
Let h(q) = -3*q - 49. Calculate h(0).
-49
Let n(i) = i**2 + 12*i + 7. Determine n(-10).
-13
Let l(p) = -p**3 + 9*p**2 - 4. Determine l(9).
-4
Let f(n) = -6*n - 52. Give f(-6).
-16
Let h(a) = -42*a - 451. Determine h(-11).
11
Let f(g) = -g + 21. Determine f(29).
-8
Let k(f) = -f**2 - 14*f + 38. Determine k(-15).
23
Let j(c) = 6*c - 32. Determine j(7).
10
Let a(b) = 63*b - 59. What is a(1)?
4
Let t(w) = w**3 - 16*w**2 - 19*w - 20. Determine t(17).
-54
Let n(v) = v**2 - 71*v - 908. Give n(82).
-6
Let a(u) = -11*u + 1. Give a(2).
-21
Let b(w) = 133*w + 1195. Calculate b(-9).
-2
Let l(j) = -j**3 + 2*j**2 + 2*j + 1. Give l(-3).
40
Let s(g) = g**2 - 2*g + 4. Give s(3).
7
Let x(l) = -l**3 - 10*l**2 - 11*l - 17. What is x(-9)?
1
Let t(j) = -j**2 + 4*j + 10. Determine t(0).
10
Let j(w) = -w**3 + 7*w**2 + 7*w - 44. Determine j(7).
5
Let s(r) = r**3 + 8*r**2 + 6*r + 7. What is s(-8)?
-41
Let z(g) = 4*g**2 - 9*g - 18. Give z(-2).
16
Let z(x) = 2*x**3 - 19*x**2 + 8*x + 9. What is z(9)?
0
Let s(o) = o + 17. Give s(-5).
12
Let g(b) = b**3 + 2*b**2 - 7*b + 2. Determine g(-4).
-2
Let a(i) = -i**2 + 2*i - 3. Determine a(3).
-6
Let f(y) = y + 13. Determine f(-9).
4
Let a(u) = -u**3 - 2*u**2 - 4*u - 3. What is a(-2)?
5
Let y(q) = q**2 - 8*q + 5. What is y(7)?
-2
Let q(i) = -4*i + 19. Give q(6).
-5
Let b(c) = c**3 - 15*c**2 + 12*c + 8. What is b(14)?
-20
Let v(h) = h**3 + 11*h**2 - 8*h + 48. Give v(-12).
0
Let f(n) = n + 20. Give f(-7).
13
Let z(w) = -2*w**2 - 52*w + 119. Determine z(-28).
7
Let h(x) = -x**3 - 5*x**2 - 7*x + 5. What is h(-4)?
17
Let d(i) = 2*i**2 + 37*i - 7. What is d(-20)?
53
Let w(c) = -2*c**2 + 7*c + 8. Calculate w(5).
-7
Let v(q) = -2*q**2 - 17*q + 22. Calculate v(-9).
13
Let o(x) = x**2 - 11*x - 26. What is o(13)?
0
Let v(k) = -k**2 - 15*k - 31. Calculate v(-12).
5
Let z(n) = -n**2 + 15*n - 20. Determine z(14).
-6
Let i(a) = -a**3 - 9*a**2 - 8*a + 9. What is i(-8)?
9
Let s(q) = -2*q + 42. Give s(16).
10
Let b(m) = -5*m + 310. What is b(61)?
5
Let x(m) = -5*m + 133. Give x(25).
8
Let z(g) = g**3 + 2*g**2. What is z(-2)?
0
Let s(j) = j**3 - 15*j**2 + 15*j + 4. Give s(14).
18
Let z(u) = 2*u**3 - 7*u + 8. Determine z(2).
10
Let k(h) = h**3 + h**2 - 2*h + 1. Determine k(1).
1
Let x(u) = u - 7. Determine x(3).
-4
Let x(q) = -q**3 + 7*q**2 - 6*q + 8. Calculate x(6).
8
Let x(f) = f**3 - 5*f**2 - f + 4. Calculate x(3).
-17
Let c(u) = -u**3 - 8*u**2 - 6*u + 10. Give c(-7).
3
Let i(f) = f**2 + 14*f + 11. Give i(-3).
-22
Let s(a) = -a**2 + 10*a - 5. Give s(4).
19
Let o(v) = 2*v**2 - 26*v + 8. What is o(13)?
8
Let t(l) = 4*l - 20. Give t(7).
8
Let y(w) = -5*w**3 + 1. Calculate y(-1).
6
Let s(t) = -2*t**2 - 15*t + 1. Determine s(-7).
8
Let w(q) = 2*q**3 + 11*q**2 + q + 1. Determine w(-6).
-41
Let x(o) = 3*o + 43. What is x(-11)?
10
Let n(p) = 2*p - 6. Give n(9).
12
Let f(u) = 15*u**2 - 19*u - 19. Determine f(-1).
15
Let q(d) = 20*d - 85. Give q(4).
-5
Let m(j) = j + 22. Give m(-15).
7
Let w(t) = 30*t - 358. Calculate w(12).
2
Let f(c) = 20*c - 20. What is f(-4)?
-100
Let h(v) = -v**3 - 13*v**2 - 2*v + 1. Determine h(-13).
27
Let j(h) = 2*h + 28. Give j(9).
46
Let d(u) = -2*u**3 - 8*u**2 - 5*u - 16. What is d(-4)?
4
Let m(h) = -3*h + 21. Give m(17).
-30
Let p(a) = a**2 + 20*a - 7. Give p(-19).
-26
Let y(c) = c**3 + 32*c**2 - 31*c + 66. Calculate y(-33).
0
Let u(g) = g**2 - 9*g - 9. Calculate u(7).
-23
Let p(d) = -d + 15. Give p(13).
2
Let q(z) = -2*z**2 + 10*z - 3. Calculate q(4).
5
Let y(b) = -b - 1. What is y(-6)?
5
Let b(u) = -u**3 + 6*u**2 - 4*u - 7. What is b(5)?
-2
Let b(z) = z**2 + 3*z + 5. What is b(-4)?
9
Let y(z) = -z**3 - 4*z - 39. Calculate y(-3).
0
Let d(c) = c**3 + 5*c**2 - 14*c - 2. Determine d(-7).
-2
Let g(x) = x**3 + 9*x**2 + 9*x + 9. Give g(-7).
44
Let p(g) = 11*g - 83. Calculate p(5).
-28
Let c(z) = 14*z - 40. Determine c(3).
2
Let s(q) = -q**3 - 13*q**2 - 18*q - 1. Give s(-11).
-45
Let y(m) = -m**3 + 9*m**2 + 3*m - 1. What is y(8)?
87
Let s(k) = k**3 + 6*k**2 - 21*k - 1. What is s(-9)?
-55
Let o(r) = -2*r**3 + 13*r**2 + 24*r - 5. Determine o(8).
-5
Let g(w) = -4*w - 4. What is g(-7)?
24
Let p(y) = -28*y + 546. Determine p(20).
-14
Let f(i) = -8*i - 263. What is f(-32)?
-7
Let v(i) = -2*i - 59. Determine v(-34).
9
Let g(m) = m**3 - 8*m**2 - 5*m + 21. Calculate g(10).
171
Let t(o) = -3*o - 18. Calculate t(-5).
-3
Let n(q) = q**2 + q + 2. What is n(-4)?
14
Let d(b) = b**2 - 2. What is d(3)?
7
Let v(m) = -3*m**3 - m**2 - m. Give v(-2).
22
Let q(a) = -3*a**3 + 5*a**2 - 3*a + 3. Determine q(3).
-42
Let f(i) = -i**3 + 16*i**2 - 13*i + 10. Calculate f(15).
40
Let n(k) = k**2 - 9*k + 27. Give n(5).
7
Let i(z) = z**2 - 2*z + 3. Give i(3).
6
Let a(t) = -t**3 + 12*t**2 - 14*t + 15. Give a(11).
-18
Let j(v) = -4*v**2 - v - 4. Calculate j(-4).
-64
Let b(l) = -l**2 + 8*l + 4. Determine b(7).
11
Let w(p) = -p**3 - 5*p**2 + 4*p - 5. What is w(-6)?
7
Let y(z) = 3*z**2 - 51*z + 3. Give y(17).
3
Let v(u) = -7*u + 10. What is v(4)?
-18
Let c(h) = -h + 42. Give c(44).
-2
Let b(l) = -l**2 + 5*l + 37. What is b(-4)?
1
Let v(g) = -g**3 - 5*g**2 + g + 4. What is v(-5)?
-1
Let p(k) = 2*k**2 + 31*k + 102. What is p(-10)?
-8
Let s(c) = 2*c - 40. Give s(7).
-26
Let c(d) = -357*d + 1434. What is c(4)?
6
Let v(y) = 8*y + 5. Give v(-5).
-35
Let p(o) = 9*o**2 - 2. What is p(2)?
34
Let o(x) = 9*x - 10. Determine o(4).
26
Let s(t) = -93*t - 7. Give s(0).
-7
Let d(g) = 17*g - 501. Calculate d(29).
-8
Let i(s) = -s**3 + 6*s**2 + 2*s - 3. Give i(5).
32
Let v(n) = -40*n + 156. Calculate v(4).
-4
Let d(u) = -2*u**2 + 8*u + 2. Calculate d(-2).
-22
Let n(k) = 5*k**2 - 2*k - 1. What is n(0)?
-1
Let v(i) = i**3 - i**2 + i - 34. Calculate v(0).
-34
Let b(s) = -21*s**2 + 1. Determine b(-1).
-20
Let u(p) = 3*p + 4. What is u(-8)?
-20
Let v(o) = -o**2 - 6*o + 7. What is v(-12)?
-65
Let h(g) = -g**3 + 17*g**2 - 14*g - 31. Calculate h(16).
1
Let q(t) = 4*t - 70. What is q(18)?
2
Let c(y) = -5*y**2 - 4*y - 1.